 hundreds digit of 6688?
6
What is the hundred thousands digit of 108486?
1
What is the hundreds digit of 759?
7
What is the tens digit of 580?
8
What is the units digit of 3261?
1
What is the hundreds digit of 1518?
5
What is the thousands digit of 82307?
2
What is the hundreds digit of 2804?
8
What is the tens digit of 3613?
1
What is the thousands digit of 5918?
5
What is the hundreds digit of 51828?
8
What is the hundreds digit of 2015?
0
What is the hundreds digit of 38060?
0
What is the hundreds digit of 28546?
5
What is the hundreds digit of 1811?
8
What is the hundreds digit of 1586?
5
What is the hundreds digit of 105296?
2
What is the thousands digit of 6604?
6
What is the units digit of 26753?
3
What is the hundreds digit of 4264?
2
What is the units digit of 1782?
2
What is the ten thousands digit of 17587?
1
What is the thousands digit of 41144?
1
What is the tens digit of 7148?
4
What is the units digit of 3795?
5
What is the tens digit of 623?
2
What is the units digit of 760?
0
What is the hundreds digit of 717?
7
What is the hundreds digit of 1349?
3
What is the tens digit of 3452?
5
What is the thousands digit of 7467?
7
What is the units digit of 1629?
9
What is the units digit of 4186?
6
What is the thousands digit of 30163?
0
What is the thousands digit of 22292?
2
What is the units digit of 21579?
9
What is the tens digit of 12?
1
What is the units digit of 1184?
4
What is the tens digit of 119571?
7
What is the tens digit of 1843?
4
What is the tens digit of 1342?
4
What is the tens digit of 358?
5
What is the units digit of 1051?
1
What is the units digit of 1302?
2
What is the units digit of 56665?
5
What is the hundreds digit of 2112?
1
What is the tens digit of 41?
4
What is the tens digit of 31423?
2
What is the thousands digit of 9839?
9
What is the units digit of 10026?
6
What is the tens digit of 46449?
4
What is the thousands digit of 4186?
4
What is the hundreds digit of 1209?
2
What is the tens digit of 1675?
7
What is the hundreds digit of 3008?
0
What is the thousands digit of 2932?
2
What is the units digit of 135?
5
What is the tens digit of 567?
6
What is the thousands digit of 13148?
3
What is the hundreds digit of 7482?
4
What is the ten thousands digit of 179390?
7
What is the hundreds digit of 1582?
5
What is the thousands digit of 11411?
1
What is the hundreds digit of 903?
9
What is the tens digit of 39351?
5
What is the thousands digit of 8494?
8
What is the units digit of 751?
1
What is the thousands digit of 94859?
4
What is the ten thousands digit of 11996?
1
What is the hundreds digit of 4504?
5
What is the tens digit of 5829?
2
What is the tens digit of 27508?
0
What is the thousands digit of 2061?
2
What is the tens digit of 54255?
5
What is the tens digit of 6697?
9
What is the units digit of 1046?
6
What is the tens digit of 5465?
6
What is the units digit of 254?
4
What is the hundreds digit of 89363?
3
What is the hundreds digit of 1520?
5
What is the hundreds digit of 1068?
0
What is the hundreds digit of 4329?
3
What is the hundreds digit of 5236?
2
What is the units digit of 363?
3
What is the ten thousands digit of 159569?
5
What is the hundreds digit of 3786?
7
What is the tens digit of 169?
6
What is the ten thousands digit of 17407?
1
What is the tens digit of 2541?
4
What is the hundreds digit of 22925?
9
What is the units digit of 3381?
1
What is the units digit of 62?
2
What is the ten thousands digit of 63005?
6
What is the ten thousands digit of 173399?
7
What is the hundreds digit of 2199?
1
What is the hundreds digit of 44283?
2
What is the hundreds digit of 92805?
8
What is the hundreds digit of 149540?
5
What is the hundreds digit of 6148?
1
What is the units digit of 686?
6
What is the hundreds digit of 197?
1
What is the hundreds digit of 25426?
4
What is the units digit of 1217?
7
What is the thousands digit of 2083?
2
What is the ten thousands digit of 16128?
1
What is the ten thousands digit of 88142?
8
What is the units digit of 3387?
7
What is the units digit of 3486?
6
What is the units digit of 1825?
5
What is the thousands digit of 36769?
6
What is the tens digit of 421?
2
What is the hundreds digit of 3629?
6
What is the units digit of 2478?
8
What is the thousands digit of 59157?
9
What is the hundreds digit of 26058?
0
What is the units digit of 1533?
3
What is the tens digit of 273?
7
What is the tens digit of 6888?
8
What is the tens digit of 16798?
9
What is the ten thousands digit of 58716?
5
What is the units digit of 11088?
8
What is the hundreds digit of 75070?
0
What is the hundreds digit of 50648?
6
What is the tens digit of 4263?
6
What is the thousands digit of 2098?
2
What is the tens digit of 981?
8
What is the hundreds digit of 694?
6
What is the units digit of 440?
0
What is the thousands digit of 6026?
6
What is the thousands digit of 39737?
9
What is the hundred thousands digit of 106126?
1
What is the units digit of 38?
8
What is the thousands digit of 8794?
8
What is the units digit of 8324?
4
What is the thousands digit of 5942?
5
What is the units digit of 23656?
6
What is the thousands digit of 2231?
2
What is the thousands digit of 22645?
2
What is the hundreds digit of 1665?
6
What is the units digit of 79156?
6
What is the tens digit of 5251?
5
What is the hundreds digit of 13170?
1
What is the thousands digit of 2525?
2
What is the hundreds digit of 8897?
8
What is the units digit of 922?
2
What is the units digit of 962?
2
What is the tens digit of 1050?
5
What is the ten thousands digit of 91176?
9
What is the ten thousands digit of 14088?
1
What is the thousands digit of 68492?
8
What is the units digit of 3040?
0
What is the thousands digit of 7174?
7
What is the thousands digit of 4685?
4
What is the hundreds digit of 604?
6
What is the hundreds digit of 10610?
6
What is the thousands digit of 42419?
2
What is the tens digit of 1222?
2
What is the units digit of 40119?
9
What is the units digit of 523?
3
What is the tens digit of 19715?
1
What is the tens digit of 4035?
3
What is the thousands digit of 7532?
7
What is the ten thousands digit of 69188?
6
What is the thousands digit of 6097?
6
What is the thousands digit of 16690?
6
What is the units digit of 21088?
8
What is the hundreds digit of 23425?
4
What is the hundreds digit of 1763?
7
What is the units digit of 76524?
4
What is the thousands digit of 43986?
3
What is the hundreds digit of 9076?
0
What is the units digit of 11855?
5
What is the hundreds digit of 990?
9
What is the thousands digit of 60569?
0
What is the units digit of 69871?
1
What is the units digit of 3552?
2
What is the ten thousands digit of 18640?
1
What is the units digit of 2840?
0
What is the tens digit of 32524?
2
What is the units digit of 222?
2
What is the tens digit of 1571?
7
What is the tens digit of 26003?
0
What is the tens digit of 472?
7
What is the hundreds digit of 942?
9
What is the tens digit of 25416?
1
What is the units digit of 25866?
6
What is the thousands digit of 1324?
1
What is the units digit of 2099?
9
What is the hundred thousands digit of 137950?
1
What is the units digit of 81971?
1
What is the thousands digit of 2333?
2
What is the units digit of 1492?
2
What is the units digit of 414?
4
What is the units digit of 7923?
3
What is the thousands digit of 10702?
0
What is the thousands digit of 6204?
6
What is the hundreds digit of 2621?
6
What is the units digit of 313?
3
What is the thousands digit of 1023?
1
What is the hundreds digit of 1503?
5
What is the tens digit of 750?
5
What is the ten thousands digit of 20998?
2
What is the ten thousands digit of 72149?
7
What is the units digit of 670?
0
What is the tens digit of 1195?
9
What is the thousands digit of 67369?
7
What is the tens digit of 174?
7
What is the units digit of 21057?
7
What is the thousands digit of 23581?
3
What is the thousands digit of 1469?
1
What is the hundreds digit of 1569?
5
What is the hundreds digit of 4977?
9
What is the hundreds digit of 999?
9
What is the ten thousands digit of 99844?
9
What is the tens digit of 3526?
2
What is the thousands digit of 49592?
9
What is the ten thousands digit of 16340?
1
What is the thousands digit of 1292?
1
What is the tens digit of 27336?
3
What is 